 2*q = 5*b - z. What is the units digit of b?
3
Let q be ((-1)/2)/(6/(-36)). Let x(w) = -4*w + 6*w - w. What is the units digit of x(q)?
3
Let f be (1 - 4) + 0 - -3. Suppose 5*r = -5*q + 30, f = -0*r - 4*r. What is the units digit of q?
6
Suppose -5*f = -z - 0 - 3, 2*z - 2*f = 2. Suppose -s = 2*s. What is the units digit of (-8)/(-2) - (s + z)?
2
Let a(m) be the third derivative of m**4/8 - 7*m**3/6 - 7*m**2. What is the units digit of a(5)?
8
Let q(t) be the third derivative of t**5/12 - t**4/8 - 5*t**3/6 + 4*t**2. What is the units digit of q(-2)?
1
Let a(u) = u**2 + u + 1. Let n(k) be the first derivative of 4*k**3/3 + 3*k**2/2 + 2*k + 1. Let y(o) = -2*a(o) + n(o). What is the units digit of y(-1)?
1
Suppose 3*n - 4 = -n. Let l = n - 2. Let c = l + 9. What is the units digit of c?
8
Let b(k) = -k**2 - k + 4. Let p be b(0). Suppose -2*f + 36 = -2*s, -p*f + 3*s + 70 = s. What is the tens digit of f?
1
Let l(h) = 1 + 0*h - 3*h - 2 - 8. What is the units digit of l(-7)?
2
Suppose -6*z + 128 - 38 = 0. What is the tens digit of z?
1
Let g be 0/(0 - -1) + -1. Let b = g + 6. What is the units digit of b?
5
Let w = -3 + 4. Suppose -3 = -v + w. What is the units digit of v?
4
Suppose -5*x + 433 = 3*u, 4*u = 3*x - 2*x + 585. What is the hundreds digit of u?
1
Let l be 2 + (-1 - -2) + -1. Suppose 4*a - 2*k = 46, -2*k = -0*k - l. What is the tens digit of a?
1
Let h = -4 - -6. Suppose 0 = 3*x + 3*z - 6, h*x - z - 3 + 5 = 0. Let g(m) = -m + 11. What is the units digit of g(x)?
1
Let j be (-12)/(-3)*(-11)/(-2). Let m = -14 + j. What is the units digit of m?
8
Suppose 3*m - 368 = 7*m. What is the units digit of 1/4 - m/16?
6
Let w(n) = 3*n + 1. Let c be w(1). Let t = c + -3. What is the units digit of t?
1
Let z = 6 - 2. Let t = -54 + 27. What is the units digit of z/18 + (-156)/t?
6
What is the units digit of (1/(-2))/(6/(-504))?
2
Let m = -3 + 7. Suppose m*f - k = 9 - 1, 22 = 2*f + 4*k. Suppose f*o - 24 = -o. What is the units digit of o?
6
Let k = 10 - 6. What is the units digit of -3*(k/6 - 2)?
4
Let q(a) = -a - 3. Let r be q(-6). Suppose 0 = r*d + 3, -x - 5*d = -0*d. What is the units digit of x?
5
Let c(r) = -r + 5. Let d be (-2 - -2)/(4 - 2). Let b be c(d). Suppose 4*z = 20, -3*z + 90 = b*h + 2*z. What is the tens digit of h?
1
Let d = 2 - 5. Let t(b) = b - 3. Let s be t(5). What is the units digit of (1*d)/((-3)/s)?
2
Let f(w) = 15*w**2 - 2*w - 3. What is the tens digit of f(-1)?
1
Suppose -3*y = -8 + 23, -4*b + 74 = -2*y. What is the tens digit of b?
1
Suppose 5*p - 19 = -4*k, -20 = 5*k - 0*k. Suppose 4*i - p*i = -48. What is the tens digit of i?
1
Let i(v) = -v + 6. Let u be i(6). Let p(x) = -x - 3. Let a(o) = -o - 4. Let n(k) = -4*a(k) + 3*p(k). What is the units digit of n(u)?
7
Suppose 4*s = 2*q - 26, -4*q + 8 + 12 = 0. Let r be s/(-6) - (-44)/(-12). What is the units digit of (-18)/(2/r*3)?
9
Suppose a = 3*d - 7*d + 12, -2*a = 0. Let w be 0/(-1 + 6/d). Suppose -3*z - s + 7 = w, 3*z - 4*s + s - 27 = 0. What is the units digit of z?
4
Let m = -2 + 2. Suppose m = -4*u + u + 18. What is the units digit of u?
6
Let a = 13 + -9. Let c = a - 11. Let m = 17 + c. What is the units digit of m?
0
Let q(m) = m - 4. What is the units digit of q(10)?
6
Let c = 73 - -51. What is the tens digit of c?
2
Let n = 91 - 64. Let j = n - -21. Suppose 3*r + i = -i + 13, -4*r = -5*i - j. What is the units digit of r?
7
Suppose 3*v + 2*a + 20 = 7*a, -4*v + 2*a = 36. What is the units digit of v/(-6) - (-8)/(-12)?
1
Suppose -u - 4*u + 10 = 0, 0 = -2*b - 4*u + 12. Suppose -4*d + 22 = b. What is the units digit of d?
5
Suppose 5*u - 45 = -20. Let z = -2 + u. What is the units digit of z?
3
Suppose -r = r - 78. What is the units digit of r?
9
Let n(w) = w - 1. Let h(k) = k**2 - 5*k + 2. Let u(c) = -h(c) - 5*n(c). Suppose t + 2*l + 2*l + 8 = 0, -5*t - l = 2. What is the units digit of u(t)?
3
Let c(d) = 6*d + 1. Let g be c(5). Suppose 59 + g = 3*j. What is the units digit of j?
0
Let u be (-2)/(-3) - 11/3. Let k be -1*(36/u)/2. Suppose 2*q = k*q - 12. What is the units digit of q?
3
Let c be (-22 - -2)*(-2)/(-5). Let u = 11 + c. Suppose p = -u*p + 60. What is the units digit of p?
5
Suppose 5*a - 2*g - 865 = 0, -4*a + 692 = 5*g - 0*g. What is the hundreds digit of a?
1
Let c be (4 - 1)/(18/24). Let i(f) be the second derivative of f**3/6 + f**2/2 - 2*f. What is the units digit of i(c)?
5
Let w = 61 - -55. What is the units digit of w?
6
Suppose 0 = -3*j - o + 297, 4*o - 263 = -3*j + 34. What is the units digit of j?
9
Let g(b) = b + 2. Let l be g(-6). Let t = 6 + l. Suppose -2*k + 8 = -t. What is the units digit of k?
5
Suppose -5 = -4*a + 27. Let k(d) = -d - 1. Let n(t) = t**3 - 7*t**2 - 7*t + 13. Let y(z) = 2*k(z) + n(z). What is the units digit of y(a)?
3
Let j(d) be the first derivative of d**4/4 - 5*d**3/3 + 5*d**2/2 - 5*d + 3. What is the tens digit of j(5)?
2
Suppose 4*p - 129 = 6*a - a, 3*a + 80 = 5*p. Let y = -10 - a. What is the tens digit of y?
1
Let f = -97 + 228. Suppose f + 13 = 3*l. What is the units digit of l?
8
Suppose 0 = 2*t + h - 124, 6*t - t + 3*h = 309. What is the units digit of t?
3
Let n = -45 - -23. Let o = n - -33. What is the units digit of o?
1
Suppose -5*p = -3*p - 8. Let u = -2 + p. Suppose u*a - 7 = 5. What is the units digit of a?
6
Suppose 3*k + 4*a = 151, 3*a = 3*k + 5*a - 161. What is the tens digit of k?
5
Let t(f) = f**2 + f - 3. Let x be t(-3). Let r(l) = 3*l - 3. Let h be r(2). Suppose -5*d + h*i + 5 = 0, 5*d - 5*i = 8 - x. What is the units digit of d?
1
Let v be (5 + -2)*(-2)/(-3). Let z be (20/(-3))/((-4)/36). What is the units digit of (1/v)/(5/z)?
6
Let i = 24 + 89. Suppose 72 + i = 5*o. What is the units digit of o?
7
Suppose -3*m - 3*q - 4 + 1 = 0, -40 = -5*m + 4*q. Suppose -33 = m*i - 177. What is the tens digit of i?
3
Let c(h) = -5*h. Suppose -3*q = 3*o + 21, 9*q - o + 23 = 4*q. What is the tens digit of c(q)?
2
Suppose -16*n + 88 = -12*n. What is the units digit of n?
2
Let i = 59 - -69. What is the tens digit of i?
2
Let j = 71 - 5. What is the tens digit of j?
6
What is the tens digit of 1*89 - (11 + -9)?
8
Let c be 1 + -2*159/(-2). Suppose 4*i = -i + c. What is the units digit of i?
2
Suppose 0 = -3*d + 17 + 16. Suppose -5*r = 2*a + 21, -2*a - d = 2*r + r. Let q = -3 - r. What is the units digit of q?
2
Let k(z) = -2*z + 3. Let q be k(-11). Let m = q - 7. What is the units digit of m?
8
Let g(b) = -b**3 + b**2 + 3. Let o = -6 + 10. Suppose -3*d - 2*v + 8 = 2*v, d - o*v + 8 = 0. What is the units digit of g(d)?
3
What is the tens digit of (1 - 219/(-9))/((-2)/(-18))?
2
What is the units digit of ((-182)/(-4) - 0)/(1/2)?
1
Let k = -2 - -13. What is the tens digit of k?
1
Let x(r) = -r + 4. Let p be x(10). Let i = 3 - p. What is the units digit of i?
9
Let z(n) = -n**3 - 7*n**2 - 6*n + 2. Let t be z(-6). What is the units digit of t/(-2 - 10/(-4))?
4
Suppose -9*m + 847 = 2*m. What is the units digit of m?
7
Let p(t) = t**2 - 7*t + 9. Let g(r) = 16*r - 1. Let v be g(1). Let d = 21 - v. What is the units digit of p(d)?
3
Suppose 5*h - 24 = -0*k + 3*k, -h - 12 = 5*k. Suppose -55 = -5*r + 4*q, 4*r + 5*q + h = 47. Let s = r - 3. What is the units digit of s?
8
Suppose 0 = 71*r - 74*r + 723. What is the hundreds digit of r?
2
Suppose -u + 17 = -15. Let p = u - 22. What is the tens digit of p?
1
Let j(k) = k**2 - 1. Let g(s) = s**3 - 11*s**2 + 7*s + 13. Let o(n) = g(n) + 3*j(n). What is the units digit of o(7)?
0
Let q(y) = 3*y - 17. Let z be q(7). Suppose 0 = a + z*a - 85. What is the units digit of a?
7
Suppose 0 = 4*p - 4*i - 20, -2*p = p + 5*i - 31. Let x = p - 5. Suppose x*o = -3*c + 6*o + 23, 0 = -c + 3*o + 16. What is the units digit of c?
1
Suppose -5*r + r + 4 = 0. Suppose -a = r - 3. Let i = 0 + a. What is the units digit of i?
2
Let y = 23 + -11. Suppose -4*h - 3 - 1 = 2*d, -2*h = -4*d + 2. Suppose d = 4*z + 8, 5*s + 2*z = 3*z + y. What is the units digit of s?
2
What is the units digit of (7/(-2))/((-1)/2)?
7
Suppose n + 1 = -0. What is the tens digit of (63/(-15))/(n/5)?
2
Suppose -2*m + 21 = 3. Let j(a) = a**3 - 10*a**2 + 10*a - 6. Let s be j(m). What is the units digit of (54/s)/2 + 1?
0
Let v(x) = x**3 - 8*x**2 + x - 7. Let j be v(8). Let u(w) = 4 + w + 5 + j. What is the units digit of u(-7)?
3
Let b(g) = 6